{"id":145,"date":"2025-01-29T03:52:56","date_gmt":"2025-01-29T03:52:56","guid":{"rendered":"https:\/\/colegiocalifornia.mx\/?page_id=145"},"modified":"2025-04-04T20:33:40","modified_gmt":"2025-04-04T20:33:40","slug":"tercera-transformacion","status":"publish","type":"page","link":"https:\/\/colegcalifornia.edu.mx\/index.php\/tercera-transformacion\/","title":{"rendered":"Tercera Transformaci\u00f3n"},"content":{"rendered":"<p style=\"text-align: center;\"><span style=\"color: #000080;\"><strong>\u00abOrganizaci\u00f3n del centro educativo\u00bb<\/strong><\/span><\/p>\n<p>&nbsp;<\/p>\n<p><img loading=\"lazy\" decoding=\"async\" class=\"alignnone wp-image-480 aligncenter\" src=\"https:\/\/colegcalifornia.edu.mx\/wp-content\/uploads\/2025\/04\/Monse3-1-300x188.png\" alt=\"\" width=\"771\" height=\"484\" srcset=\"https:\/\/colegcalifornia.edu.mx\/wp-content\/uploads\/2025\/04\/Monse3-1-300x188.png 300w, https:\/\/colegcalifornia.edu.mx\/wp-content\/uploads\/2025\/04\/Monse3-1-360x225.png 360w, https:\/\/colegcalifornia.edu.mx\/wp-content\/uploads\/2025\/04\/Monse3-1.png 448w\" sizes=\"auto, (max-width: 771px) 100vw, 771px\" \/><\/p>\n<p>&nbsp;<\/p>\n<p>&nbsp;<\/p>\n<blockquote><p><span style=\"color: #000080;\">Nuestros colegios se encuentran en una transformaci\u00f3n que responda a las necesidades y caracter\u00edsticas del Nuevo modelo educativo, por tal motivo es indispensable una reforma total de la organizaci\u00f3n escolar de manera sistem\u00e1tica y sostenible, de tal forma que, dejando atr\u00e1s la tradicional escuela con horarios y espacios de aprendizaje definidos, ofrece a nuestros educandos una formaci\u00f3n que les prepare para adaptarse con \u00e9xito a un mundo en constante cambio, d\u00e1ndoles acceso a m\u00faltiples oportunidades de aprendizaje.<\/span><\/p><\/blockquote>\n<p style=\"text-align: center;\"><a href=\"https:\/\/www.youtube.com\/watch?v=Qrb6pKOwTb8\" target=\"_blank\" rel=\"noopener\">VIDEO. 3\u00aa Transformaci\u00f3n: Organizaci\u00f3n<\/a><\/p>\n","protected":false},"excerpt":{"rendered":"<p>\u00abOrganizaci\u00f3n del centro educativo\u00bb &nbsp; &nbsp; &nbsp; Nuestros colegios se encuentran en una transformaci\u00f3n que responda a las necesidades y caracter\u00edsticas del Nuevo modelo educativo, por tal motivo es indispensable una reforma total de la organizaci\u00f3n escolar de manera sistem\u00e1tica <a href=\"https:\/\/colegcalifornia.edu.mx\/index.php\/tercera-transformacion\/\" class=\"read-more\">Leer m\u00e1s&#8230;<\/a><\/p>\n","protected":false},"author":1,"featured_media":0,"parent":0,"menu_order":0,"comment_status":"closed","ping_status":"closed","template":"","meta":{"footnotes":""},"class_list":["post-145","page","type-page","status-publish","hentry"],"_links":{"self":[{"href":"https:\/\/colegcalifornia.edu.mx\/index.php\/wp-json\/wp\/v2\/pages\/145","targetHints":{"allow":["GET"]}}],"collection":[{"href":"https:\/\/colegcalifornia.edu.mx\/index.php\/wp-json\/wp\/v2\/pages"}],"about":[{"href":"https:\/\/colegcalifornia.edu.mx\/index.php\/wp-json\/wp\/v2\/types\/page"}],"author":[{"embeddable":true,"href":"https:\/\/colegcalifornia.edu.mx\/index.php\/wp-json\/wp\/v2\/users\/1"}],"replies":[{"embeddable":true,"href":"https:\/\/colegcalifornia.edu.mx\/index.php\/wp-json\/wp\/v2\/comments?post=145"}],"version-history":[{"count":11,"href":"https:\/\/colegcalifornia.edu.mx\/index.php\/wp-json\/wp\/v2\/pages\/145\/revisions"}],"predecessor-version":[{"id":513,"href":"https:\/\/colegcalifornia.edu.mx\/index.php\/wp-json\/wp\/v2\/pages\/145\/revisions\/513"}],"wp:attachment":[{"href":"https:\/\/colegcalifornia.edu.mx\/index.php\/wp-json\/wp\/v2\/media?parent=145"}],"curies":[{"name":"wp","href":"https:\/\/api.w.org\/{rel}","templated":true}]}}